 factor of k and 20496.
112
Let w(y) = -58*y + 42. Let j be w(-15). Suppose -11*d + 7*d = -j. Calculate the highest common factor of d and 12.
12
Let c(t) = 1049*t + 1137. Let b be c(-1). Calculate the greatest common divisor of 1441 and b.
11
Let k = 1374 + 992. What is the highest common factor of 14 and k?
14
Suppose -475 = 5*n - 6*n - 2*o, o = -4*n + 1865. Suppose 0 = 5*d + n - 590. Suppose -2*c + 150 = -0*c. Calculate the highest common factor of c and d.
25
Let i(p) = 390*p + 1897. Let y be i(0). Calculate the highest common divisor of y and 28.
7
Suppose 0 = 2*i - 4*u + u - 1, -20 = -4*u. Let w be 42/i*(-80)/(-30). Suppose w = 3*t - 10. What is the highest common divisor of 12 and t?
4
Suppose 13*w + 2118 = 2222. What is the highest common factor of w and 20?
4
Let x(a) = 2*a**2 + 36*a - 545. Let l be x(-29). What is the highest common factor of 1891 and l?
31
Suppose 2*b = 4*n - 4858, 3*b = -3*n + 2057 + 1591. What is the highest common divisor of 972 and n?
243
Let m = 23983 + -23959. What is the greatest common factor of m and 1260?
12
Suppose 3339 = -11*j + 6771. What is the greatest common divisor of 552 and j?
24
Suppose -3*v + 15 + 3 = 0. Suppose -4*g - 6 = 7*h - 52, 14 = 2*g - h. Calculate the highest common divisor of v and g.
2
Let u(x) = 12*x**2 - 28*x - 468. Let a be u(-9). Calculate the greatest common divisor of a and 210.
42
Let z = 28 - 14. Let k = 17 - z. Suppose k*y - 23 = 10. What is the highest common factor of y and 33?
11
Let l = 7910 + -7498. What is the highest common factor of 40 and l?
4
Let v(r) = -2*r**3 - 13*r**2 - 11*r - 13. Let a be v(-6). Suppose -23*n = -a*n - 204. What is the greatest common divisor of 986 and n?
34
Let j be 3 + (-11 - -4) + 495. Let n = -442 + j. Calculate the highest common factor of n and 21.
7
Suppose 14*y + 437 - 1067 = 0. Suppose y + 291 = 7*b. What is the highest common divisor of b and 24?
24
Let s be (-10990)/(-125) + (-112)/(-1400). Calculate the greatest common factor of s and 2189.
11
Suppose -l + 5 = 5*a - 7*a, 0 = 2*a + 3*l - 7. Let s be -5 + (-85)/(-15) - a/3. Calculate the greatest common factor of s and 1.
1
Let t be (-4)/(-10) + (-232)/(-20). Suppose 0 = -20*r + 1436 - 36. Let g = r - -38. Calculate the highest common factor of g and t.
12
Let x = 148 + -140. Suppose -5*j - 12*n = -x*n - 108, 0 = 4*j + 5*n - 90. What is the highest common factor of 140 and j?
20
Suppose -218*c + 14059 = -6869. Calculate the highest common divisor of c and 1500.
12
Suppose 46 = 2*a + 6. Let t(b) be the third derivative of -b**4/24 + 23*b**3/6 + 23*b**2. Let f be t(13). Calculate the greatest common factor of a and f.
10
Let u be 20/4 + 2 - 48/16. Let f be u + (3 + (-7 - -5) - 0). Let o be 0 + 1 - -1*1. Calculate the highest common divisor of o and f.
1
Suppose 64 = 4*t - 2*c, 9*c = -2*t + 5*c + 42. Let n be -5 - -6*1/2. Let f be (-4)/n - t/(5/(-5)). Calculate the highest common divisor of f and 133.
19
Let t = 69 - -111. Suppose -16*o + 113 + 207 = 0. What is the highest common factor of o and t?
20
Let f(z) = 4*z**2 + 55*z - 151. Let s be f(-19). Calculate the highest common factor of 32 and s.
8
Suppose 0 = 1461*q - 1464*q + 2037. Calculate the greatest common divisor of 97 and q.
97
Let a(j) = -j**2 - 52*j - 308. Let u be a(-19). What is the greatest common divisor of 22 and u?
11
Suppose 11*n + 1702 = -982. Let s = 464 + n. Calculate the highest common divisor of 22 and s.
22
Let j(c) = 19*c + 40. Let m be j(-16). Let u = 305 + m. What is the greatest common divisor of 369 and u?
41
Let t be -4*(-1 + 5/10*1). Let r be (-126)/((-2)/8*t). Calculate the greatest common divisor of r and 28.
28
Let q(k) = 418*k - 831. Let y be q(2). Let i be (0 + 5)*6/(-15). Let z be -1 + (-14)/i + -1. Calculate the highest common divisor of y and z.
5
Suppose 2*m = 3*b - 98, -3*m + 26 = b - 5*m. Suppose -14*n = -13*n - b. Calculate the highest common divisor of n and 3.
3
Let n = -10124 - -10808. Calculate the greatest common divisor of 1596 and n.
228
Let b(w) = 8*w**3 + 6*w**2 - 61*w + 600. Let a be b(8). Calculate the highest common divisor of 82 and a.
82
Let g = 19933 + -19924. What is the highest common factor of 14913 and g?
9
Suppose -212 = -4*o - 4*n, 0 = -5*o - 25*n + 24*n + 277. Calculate the highest common factor of o and 1408.
8
Let i = -70 + 162. Suppose 5*s = -w + 109, -3*w - s + 391 = i. Calculate the greatest common factor of 36 and w.
9
Suppose 15*o - 14*o - 5 = 0. Suppose -o*r = 5*b - 185, -b = 7*r - 4*r - 31. What is the greatest common divisor of b and 1480?
40
Suppose 2*x + 3*v - 258 = -2*v, 516 = 4*x + v. Suppose 4*w = w + x. What is the greatest common factor of 86 and w?
43
Let y(m) = 24*m**2 + 3*m + 3. Let o be y(3). Let g(c) = -1773*c + 58533. Let z be g(33). What is the highest common factor of o and z?
12
Let d = 196 + -192. Suppose 22 = 2*m + y, -d*m - 5*y - 2 = -40. What is the highest common factor of m and 12?
12
Let m be -38 - -29 - 851/1. Let g = m + 877. Let b = 35 - 18. What is the greatest common factor of g and b?
17
Let a be (-1)/(-1) + (-31 - -240). Let l = -56 + a. Calculate the greatest common divisor of l and 22.
22
Suppose -4 = -2*p - 10. Let g be ((-27)/(-6))/(p/(-8)). Let q = -711 - -867. Calculate the greatest common factor of q and g.
12
Let y = -14167 + 14209. Calculate the highest common divisor of y and 7665.
21
Let n = 788 - 189. Let g = n + -259. What is the highest common factor of 136 and g?
68
Suppose 388 = 33*w - 305. What is the greatest common factor of 560 and w?
7
Let n(y) = -3 - 12*y + 3 + 68 + 20. Let h be n(5). Calculate the greatest common divisor of h and 308.
28
Suppose 172*p - 278*p = -7100 - 2440. What is the greatest common factor of 1422 and p?
18
Let c be ((-1536)/(-20))/((-226)/(-565)). Suppose -20 = h - 148. What is the greatest common factor of c and h?
64
Let a be 96/(-20)*60/(-9). Let s = 27 - -26. Let g = s - a. What is the greatest common factor of g and 21?
21
Suppose -3811 = -28*l + 2125. Calculate the highest common divisor of l and 1166.
106
Let h = 7820 - 6836. What is the greatest common divisor of h and 369?
123
Suppose 0 = 4*t + 5*o - 82, -t + 4*o - 3*o = -34. Calculate the greatest common divisor of t and 512.
4
Let p = -62 - -234. Let r be 2 + (p - 5) + -1. Suppose r = 6*l - 0. What is the highest common divisor of 224 and l?
28
Let f(h) = 3*h**3 + 35*h**2 + 23*h + 41. Let q be f(-11). Calculate the greatest common factor of q and 768.
6
Let h(j) = j**2 - 189*j + 4735. Let g be h(160). Let t(q) = -17*q - 5. Let a be t(-7). Let f be a/(-4)*16/(-12). What is the highest common factor of g and f?
19
Let r(y) = -5*y**2 - 495*y - 900. Let u be r(-97). Suppose -6 = -2*b + 4. Let g be (-4)/b*(-25)/2. Calculate the highest common divisor of g and u.
10
Let v be 35 + (-6)/(2*(2 + -3)). Let s be v + 11 - 0/(-1). What is the highest common divisor of s and 49?
49
Let c(a) = -a**3 - 8*a**2 - 8*a + 13. Let q be c(-7). Suppose -6*l + q = -34. Calculate the greatest common factor of l and 1.
1
Suppose -4*c - 598 = -2*b, 2588*b - 4*c = 2589*b - 257. What is the highest common factor of 1083 and b?
57
Suppose f - 2*m = 150, 6*f + 5*m = 4*f + 255. Calculate the highest common divisor of 15820 and f.
140
Suppose 14*c = 9*c - 15. Let w(y) = 76*y**2 + 5*y + 3. Let v be w(c). What is the greatest common divisor of 42 and v?
42
Suppose 492 = 5*s - s. Let b(h) = h**3 + 11*h**2 - 554*h - 3869. Let q be b(-7). Calculate the greatest common factor of q and s.
41
Let x be 81 - (-1 + 8 - -10). What is the greatest common factor of x and 128?
64
Suppose 183*s = -183*s + 364*s + 3058. Let n = 24 - 13. What is the greatest common factor of n and s?
11
Suppose -446 = 39*b - 9806. Calculate the greatest common divisor of b and 1875.
15
Let u = 26 - 24. Suppose 5*z = -5*l + 35, -7*l + 2*z = -u*l - 21. Suppose 4*m + 17 = a + m, -2*m = -l*a + 98. What is the highest common factor of a and 5?
5
Let a(o) = o**3 + 36*o**2 + 17*o - 54. Let z be a(-35). What is the greatest common factor of z and 468?
36
Let s be 652/(35/7 - 3). Let t = s - 320. Calculate the greatest common factor of t and 138.
6
Let y be -6*(-14)/4*-4. Let u be 1283/7 + 24/y. Let g = -120 + u. What is the greatest common divisor of g and 21?
21
Let z = 46171 + -45985. Calculate the 